 is the highest common factor of 3757 and 49283?
221
What is the highest common divisor of 8 and 5344200?
8
What is the highest common factor of 13 and 294086?
13
What is the highest common divisor of 3160 and 31995?
395
Calculate the highest common divisor of 1327390 and 20.
10
What is the highest common factor of 16 and 1322256?
16
Calculate the highest common divisor of 24854 and 4.
2
Calculate the highest common factor of 14080 and 688.
16
Calculate the greatest common divisor of 1016 and 13528.
8
What is the highest common divisor of 126 and 72366?
42
Calculate the highest common factor of 116 and 175334.
58
Calculate the highest common divisor of 427 and 41297.
61
What is the highest common factor of 236 and 3392?
4
Calculate the greatest common factor of 81 and 107703.
27
What is the greatest common divisor of 1403 and 31556?
23
Calculate the greatest common factor of 1000 and 7517000.
1000
Calculate the highest common factor of 15455 and 95.
5
Calculate the greatest common factor of 19012 and 490.
98
Calculate the highest common factor of 13320 and 480.
120
Calculate the greatest common divisor of 312 and 44824.
104
What is the highest common divisor of 125 and 194050?
25
Calculate the greatest common factor of 1216 and 47614.
38
What is the greatest common factor of 750 and 22560?
30
What is the greatest common divisor of 1246446 and 144?
18
Calculate the greatest common divisor of 27429 and 369.
123
What is the greatest common divisor of 494 and 39?
13
Calculate the greatest common divisor of 358 and 590521.
179
What is the greatest common factor of 550102 and 182?
14
What is the greatest common factor of 7488 and 39000?
312
What is the greatest common factor of 80 and 4311080?
40
What is the highest common factor of 390 and 1106118?
78
Calculate the greatest common factor of 13783 and 385.
77
What is the highest common factor of 438 and 1143910?
146
What is the greatest common divisor of 359060 and 520?
260
Calculate the highest common factor of 135591 and 69.
3
Calculate the greatest common divisor of 160 and 47440.
80
Calculate the highest common divisor of 911450 and 325.
25
What is the greatest common divisor of 310 and 77410?
10
Calculate the greatest common factor of 17650 and 5.
5
Calculate the highest common factor of 4592 and 39524.
164
What is the greatest common factor of 2570 and 210?
10
Calculate the highest common factor of 596 and 9238.
298
Calculate the highest common divisor of 278 and 153317.
139
What is the greatest common divisor of 3616 and 152098?
226
What is the greatest common factor of 48 and 3528?
24
What is the highest common divisor of 1095486 and 14?
14
Calculate the greatest common divisor of 3271 and 47.
1
What is the greatest common factor of 162695 and 130?
65
What is the greatest common divisor of 293196 and 53?
53
What is the greatest common divisor of 15279 and 2574?
33
What is the highest common divisor of 36 and 42561?
9
What is the greatest common divisor of 51 and 514131?
51
What is the highest common factor of 40527 and 16353?
711
What is the greatest common factor of 1910 and 359462?
382
What is the highest common factor of 173 and 34081?
173
Calculate the greatest common factor of 262243 and 191.
191
What is the highest common divisor of 74227 and 17711?
199
What is the highest common divisor of 789 and 4525441?
263
Calculate the greatest common divisor of 1005 and 110.
5
Calculate the greatest common factor of 195118 and 724.
362
What is the greatest common divisor of 157806 and 2772?
198
What is the highest common factor of 38308 and 44588?
628
Calculate the highest common divisor of 33 and 213257.
11
What is the greatest common factor of 9 and 69648?
3
Calculate the greatest common factor of 135 and 79569.
27
What is the highest common factor of 236 and 56876?
236
Calculate the greatest common factor of 856820 and 20.
20
What is the highest common divisor of 306 and 16626?
102
What is the highest common divisor of 635 and 2705?
5
Calculate the greatest common factor of 729 and 4536.
81
What is the greatest common factor of 151540 and 140?
20
What is the highest common divisor of 211451 and 88350?
589
What is the greatest common factor of 3318 and 12474?
42
What is the greatest common factor of 1555843 and 794?
397
Calculate the greatest common divisor of 8750 and 280.
70
What is the greatest common divisor of 144873 and 9?
9
What is the highest common divisor of 670289 and 1737?
193
Calculate the highest common factor of 203126 and 462.
154
Calculate the greatest common divisor of 6215 and 23815.
55
What is the highest common factor of 172596 and 57?
57
Calculate the highest common divisor of 14440 and 760.
760
What is the greatest common divisor of 201 and 797501?
67
What is the greatest common factor of 133 and 238013?
19
Calculate the highest common factor of 20 and 126890.
10
Calculate the highest common factor of 861 and 23821.
287
What is the highest common factor of 1050 and 7346850?
1050
What is the highest common divisor of 5307 and 1281?
183
What is the greatest common factor of 2196 and 22?
2
What is the highest common factor of 455465 and 568?
71
Calculate the highest common factor of 188830 and 230.
230
Calculate the highest common divisor of 16720 and 215380.
220
What is the highest common factor of 160 and 204560?
80
Calculate the highest common factor of 2151 and 33309.
9
Calculate the greatest common divisor of 7821 and 405823.
869
Calculate the highest common factor of 1340 and 126180.
20
Calculate the greatest common factor of 43 and 989344.
43
What is the greatest common factor of 126446 and 4794?
34
What is the greatest common divisor of 39 and 5592?
3
Calculate the highest common divisor of 549 and 975573.
549
What is the greatest common divisor of 53577 and 180?
9
What is the highest common divisor of 568798 and 382?
382
Calculate the greatest common factor of 78023 and 2255.
451
Calculate the highest common factor of 78741 and 39.
39
What is the greatest common factor of 28 and 25568?
4
Calculate the greatest common divisor of 22 and 215787.
11
Calculate the highest common factor of 215 and 56115.
215
Calculate the highest common divisor of 20816 and 4.
4
Calculate the greatest common factor of 10 and 5245.
5
Calculate the highest common divisor of 2574 and 120.
6
What is the greatest common factor of 24698 and 424?
106
Calculate the greatest common divisor of 102 and 29.
1
What is the highest common factor of 8424 and 1716?
156
Calculate the highest common divisor of 94248 and 308.
308
Calculate the highest common factor of 18566067 and 1677.
1677
What is the highest common divisor of 435685 and 1185?
395
What is the greatest common factor of 14476 and 44?
44
What is the greatest common divisor of 306 and 1475685?
153
What is the greatest common factor of 24895 and 520?
65
Calculate the greatest common divisor of 14 and 27622.
14
What is the greatest common divisor of 2651 and 55?
11
What is the highest common factor of 5836 and 52?
4
What is the greatest common divisor of 14 and 16312?
2
What is the highest common divisor of 1314 and 99426?
438
What is the highest common factor of 311264 and 32?
32
Calculate the highest common factor of 28 and 85876.
28
Calculate the highest common factor of 202356 and 84.
84
Calculate the highest common divisor of 769879 and 187.
187
What is the highest common divisor of 6219 and 315787?
691
What is the highest common divisor of 608 and 119149?
19
What is the highest common divisor of 418720 and 1120?
160
Calculate the greatest common factor of 363222 and 34.
34
Calculate the highest common divisor of 1204 and 224.
28
Calculate the greatest common divisor of 220 and 1322120.
20
What is the greatest common factor of 1247 and 1131?
29
What is the greatest common divisor of 223 and 15788177?
223
What is the highest common divisor of 1830 and 2895670?
610
Calculate the highest common factor of 257856 and 1530.
102
Calculate the highest common divisor of 78731 and 393.
131
Calculate the greatest common factor of 2086 and 93274.
298
What is the greatest common factor of 1039248 and 504?
504
What is the greatest common factor of 36558 and 756?
54
What is the greatest common divisor of 545 and 440905?
545
Calculate the greatest co